940?
2, 5, 71, 163, 6689
List the prime factors of 135126765.
3, 5, 19, 139, 379
What are the prime factors of 58561044?
2, 3, 4880087
List the prime factors of 139011441.
3, 46337147
List the prime factors of 7858349945.
5, 47, 83, 101, 3989
What are the prime factors of 236755194?
2, 3, 13, 109, 27847
What are the prime factors of 11381687?
17, 39383
List the prime factors of 179682613.
11, 131, 124693
What are the prime factors of 258892599?
3, 7, 29, 107, 137
What are the prime factors of 116568206?
2, 58284103
What are the prime factors of 6685226900?
2, 5, 11, 113, 53783
List the prime factors of 1784625534.
2, 3, 67, 18269
List the prime factors of 1051076151.
3, 116786239
List the prime factors of 1096135323.
3, 37, 251, 39343
List the prime factors of 1214222079.
3, 7, 739, 78241
List the prime factors of 2940626325.
3, 5, 7, 13, 430861
List the prime factors of 98374770.
2, 3, 5, 13, 28027
List the prime factors of 67608.
2, 3, 313
List the prime factors of 77490207.
3, 353, 24391
List the prime factors of 6031375980.
2, 3, 5, 7, 14360419
What are the prime factors of 3046069059?
3, 11, 347, 266009
What are the prime factors of 2143214880?
2, 3, 5, 4465031
List the prime factors of 50715615.
3, 5, 151, 22391
What are the prime factors of 5006438?
2, 31, 80749
What are the prime factors of 46758552?
2, 3, 1948273
What are the prime factors of 11521091?
23, 29, 751
List the prime factors of 18247207.
11, 1658837
List the prime factors of 6814657812.
2, 3, 8069, 70379
What are the prime factors of 237000776?
2, 113, 409, 641
List the prime factors of 99200175.
3, 5, 1322669
What are the prime factors of 936048866?
2, 17, 37, 744077
What are the prime factors of 7458965626?
2, 7, 103, 5172653
What are the prime factors of 1935375638?
2, 7, 229, 86239
List the prime factors of 4913632041.
3, 59, 27760633
List the prime factors of 105732109.
7, 503, 30029
List the prime factors of 224437782.
2, 3, 37, 1010981
List the prime factors of 354412751.
7, 11, 37, 43, 263
What are the prime factors of 566152087?
107, 5291141
List the prime factors of 102451174.
2, 7, 67, 239, 457
List the prime factors of 3448011227.
47, 73361941
List the prime factors of 76972984.
2, 11, 874693
What are the prime factors of 4152437469?
3, 2843, 162287
List the prime factors of 24745839.
3, 59, 251, 557
What are the prime factors of 1236454593?
3, 11, 163, 20897
What are the prime factors of 616676731?
11, 691, 81131
What are the prime factors of 5364187113?
3, 4783, 373837
List the prime factors of 1125306611.
11, 13, 605329
List the prime factors of 113610216.
2, 3, 79, 59921
What are the prime factors of 45541882?
2, 22770941
List the prime factors of 276280138.
2, 2341, 59009
List the prime factors of 506883935.
5, 101376787
What are the prime factors of 326989937?
326989937
List the prime factors of 52398911.
29, 1806859
What are the prime factors of 2622686499?
3, 4691, 20707
What are the prime factors of 1401795?
3, 5, 31151
What are the prime factors of 740784892?
2, 521, 355463
What are the prime factors of 211626995?
5, 61, 693859
What are the prime factors of 574704247?
13, 44208019
List the prime factors of 122233084.
2, 30558271
List the prime factors of 453481103.
17, 26675359
List the prime factors of 2806149955.
5, 7, 109, 735557
List the prime factors of 1096517288.
2, 601, 228061
What are the prime factors of 2075756294?
2, 191, 5433917
What are the prime factors of 4258497542?
2, 13, 101, 1621667
List the prime factors of 1686378283.
47, 761, 47149
List the prime factors of 2667521717.
7, 381074531
What are the prime factors of 784497332?
2, 43, 61, 74771
What are the prime factors of 3059732834?
2, 37, 193, 214237
List the prime factors of 11194781.
13, 19, 61, 743
What are the prime factors of 2684000523?
3, 17623, 50767
What are the prime factors of 67142917?
29, 2753
List the prime factors of 654616337.
2549, 256813
List the prime factors of 3413008034.
2, 53, 353, 1721
List the prime factors of 36256477.
131, 276767
List the prime factors of 35556822.
2, 3, 7, 59, 4783
List the prime factors of 335037283.
7, 47862469
List the prime factors of 47244570.
2, 3, 5, 173, 9103
List the prime factors of 1619285354.
2, 29, 2011, 13883
List the prime factors of 1233448193.
2467, 499979
List the prime factors of 1502999802.
2, 3, 83499989
List the prime factors of 38336312.
2, 7, 41, 59, 283
What are the prime factors of 32193771?
3, 19, 277, 2039
List the prime factors of 464873257.
373, 523, 2383
List the prime factors of 152748203.
2297, 66499
What are the prime factors of 297051806?
2, 41, 3622583
List the prime factors of 178805686.
2, 89402843
What are the prime factors of 415720675?
5, 16628827
What are the prime factors of 3746236185?
3, 5, 3109, 26777
List the prime factors of 283340221.
283340221
List the prime factors of 23384348.
2, 13, 449699
List the prime factors of 437316924.
2, 3, 11, 977, 3391
List the prime factors of 8781013.
8781013
List the prime factors of 181684983.
3, 60561661
List the prime factors of 101133883.
233, 421, 1031
List the prime factors of 49685416.
2, 11, 564607
What are the prime factors of 163687005?
3, 5, 701, 5189
What are the prime factors of 1804618716?
2, 3, 251, 599143
What are the prime factors of 93023580?
2, 3, 5, 13, 239, 499
What are the prime factors of 87544046?
2, 43772023
List the prime factors of 3392487141.
3, 1130829047
List the prime factors of 84072674.
2, 7, 6005191
List the prime factors of 54688201.
17, 1619, 1987
What are the prime factors of 4755119753?
54361, 87473
List the prime factors of 437926648.
2, 457, 119783
What are the prime factors of 286041749?
7, 61, 669887
What are the prime factors of 929964928?
2, 2543, 2857
What are the prime factors of 2527826910?
2, 3, 5, 7, 12037271
What are the prime factors of 1688788185?
3, 5, 7, 2297671
What are the prime factors of 262990135?
5, 827, 63601
What are the prime factors of 1132310097?
3, 2377, 5881
List the prime factors of 412625408.
2, 13, 47, 1319
List the prime factors of 50458331.
7, 11, 41, 1453
What are the prime factors of 582110357?
582110357
What are the prime factors of 2238244193?
2238244193
What are the prime factors of 311446894?
2, 11, 31, 313, 1459
What are the prime factors of 114905989?
11, 10445999
List the prime factors of 4580398039.
7, 19, 401, 12269
What are the prime factors of 4946590816?
2, 154580963
What are the prime factors of 3278748426?
2, 3, 73, 7485727
What are the prime factors of 813348222?
2, 3, 135558037
What are the prime factors of 3686580?
2, 3, 5, 6827
What are the prime factors of 139757165?
5, 27951433
List the prime factors of 481832726.
2, 797, 302279
List the prime factors of 313981328.
2, 53, 370261
What are the prime factors of 55603511?
313, 177647
What are the prime factors of 74829702?
2, 3, 12471617
List the prime factors of 83562840.
2, 3, 5, 8597
List the prime factors of 3116533022.
2, 929, 1677359
List the prime factors of 377624361.
3, 31, 617, 6581
List the prime factors of 24361703.
89, 273727
What are the prime factors of 300760430?
2, 5, 17, 109, 16231
What are the prime factors of 819429213?
3, 10993, 24847
What are the prime factors of 92088360?
2, 3, 5, 7, 13, 937
List the prime factors of 412913905.
5, 82582781
List the prime factors of 29730368.
2, 464537
What are the prime factors of 335007749?
71, 4718419
List the prime factors of 7713462.
2, 3, 433, 2969
List the prime factors of 2044410733.
2044410733
What are the prime factors of 3066630284?
2, 20411, 37561
What are the prime factors of 1029592993?
11, 13, 654541
What are the prime factors of 1112926265?
5, 11, 113, 331, 541
What are the prime factors of 1263912061?
1263912061
List the prime factors of 4364642553.
3, 269, 367, 14737
List the prime factors of 782744132.
2, 1783, 109751
List the prime factors of 1182065162.
2, 367, 1610443
List the prime factors of 7567552706.
2, 7, 359, 1505681
What are the prime factors of 380799313?
380799313
What are the prime factors of 254506542?
2, 3, 42417757
What are the prime factors of 431313293?
431313293
List the prime factors of 122949553.
122949553
What are the prime factors of 33388466?
2, 16694233
What are the prime factors of 19574236?
2, 11, 444869
What a